99449169 prime?
False
Is 64755258619 prime?
True
Is 263324169191 composite?
False
Is 43280518579 a composite number?
True
Is 614429059 prime?
False
Is 12109719133 a composite number?
True
Is 224077153173 a composite number?
True
Is 1825948783 prime?
True
Is 358792961 a prime number?
True
Is 32461364849 a prime number?
True
Is 360646259 a prime number?
True
Is 9473106985 a composite number?
True
Is 46979947 prime?
False
Is 4320248441 a composite number?
True
Is 72769458107 a prime number?
False
Is 14417180887 prime?
True
Is 1288681487 a composite number?
False
Is 637721563 a prime number?
False
Is 821430301 prime?
True
Is 5868022621 prime?
True
Is 41346243049 prime?
True
Is 291187316683 prime?
True
Is 1749671681 prime?
False
Is 518211671 a composite number?
False
Is 24418067 composite?
False
Is 1806579833 a composite number?
True
Is 9184326311 a composite number?
False
Is 702610631 a prime number?
True
Is 469118441 composite?
True
Is 16461221999 prime?
True
Is 243899609 composite?
False
Is 78072423511 composite?
True
Is 3751617449 prime?
True
Is 209829754 a prime number?
False
Is 86527498553 prime?
False
Is 27978869 prime?
False
Is 11160298403 prime?
True
Is 5769596263 a composite number?
True
Is 76527571 composite?
False
Is 8675818961 composite?
True
Is 29729043521 a prime number?
True
Is 17488624393 a composite number?
False
Is 4183384549 prime?
False
Is 1941921249 a prime number?
False
Is 31689198289 a prime number?
False
Is 9702000923 a prime number?
True
Is 9901718179 prime?
True
Is 2031296053 a composite number?
False
Is 271720667 a prime number?
False
Is 4793666109 a composite number?
True
Is 996244643 a composite number?
True
Is 463667593 prime?
True
Is 18401014237 a composite number?
True
Is 2611324061 composite?
False
Is 9846361627 a composite number?
False
Is 93742682489 a prime number?
True
Is 1141596991 composite?
True
Is 4097459983 a composite number?
False
Is 15406706897 a composite number?
False
Is 119515181 a prime number?
False
Is 14501185001 a prime number?
True
Is 688375829 prime?
False
Is 17661104051 a prime number?
True
Is 425004588043 prime?
False
Is 14161690207 prime?
False
Is 394506414355 composite?
True
Is 5835089767 a composite number?
True
Is 2888168077 prime?
True
Is 155829503 a composite number?
False
Is 1954679807 a prime number?
True
Is 5850707173 prime?
False
Is 540931621 composite?
True
Is 155558951 a prime number?
False
Is 310659677 a composite number?
True
Is 1023673159 prime?
True
Is 1967012363 a prime number?
True
Is 8910053227 composite?
True
Is 6913882567 a composite number?
True
Is 12373551103 prime?
True
Is 35329951331 prime?
True
Is 46177309549 composite?
True
Is 61126408403 a composite number?
False
Is 3367941839 prime?
False
Is 523152241 composite?
True
Is 2465956901 a composite number?
False
Is 19934183699 prime?
False
Is 5755167133 a composite number?
False
Is 55990141 prime?
True
Is 229427531 a composite number?
False
Is 11639325809 a prime number?
False
Is 17578734601 a composite number?
False
Is 15311596571 composite?
False
Is 20279803 prime?
True
Is 30471281063 a prime number?
False
Is 451662703 a composite number?
True
Is 115256290391 a prime number?
False
Is 3964395623 a composite number?
False
Is 1533853391 a prime number?
False
Is 11410888723 prime?
False
Is 6256786559 prime?
False
Is 63415753 a composite number?
False
Is 6918148109 a composite number?
False
Is 2407133191 composite?
True
Is 154766173579 a prime number?
True
Is 5341728071 composite?
False
Is 140043599 a prime number?
True
Is 9044369599 a composite number?
True
Is 4401040771 a composite number?
True
Is 8909400493 a prime number?
False
Is 16775895839 composite?
False
Is 29684383 a prime number?
True
Is 18204445933 prime?
True
Is 14267051719 prime?
False
Is 1990322161 a prime number?
True
Is 4666306661 a composite number?
True
Is 510566179 a prime number?
False
Is 34439756383 a prime number?
False
Is 82286794 prime?
False
Is 56539741441 a composite number?
True
Is 6015958253 a composite number?
False
Is 2226314971 prime?
False
Is 2783710882 a prime number?
False
Is 160530280531 prime?
False
Is 3984933001 prime?
False
Is 28949954429 composite?
True
Is 2754569963 a composite number?
True
Is 17171177251 prime?
True
Is 74361768089 a prime number?
False
Is 57898164187 prime?
False
Is 689728181 composite?
False
Is 790345879 a prime number?
True
Is 652761581 a composite number?
False
Is 307824169673 prime?
False
Is 24690268963 a composite number?
False
Is 5321551461 a composite number?
True
Is 516913834 composite?
True
Is 29934083 composite?
False
Is 16828934237 prime?
True
Is 5854586 prime?
False
Is 55275901 a prime number?
False
Is 19224471647 a composite number?
False
Is 118427189 prime?
True
Is 6948476711 a prime number?
False
Is 1032809853 a composite number?
True
Is 20865347033 prime?
False
Is 9301657289 prime?
True
Is 607817627 a composite number?
False
Is 401436977 prime?
False
Is 786017021 prime?
True
Is 1249776943 a composite number?
True
Is 14934749243 prime?
False
Is 127490915339 prime?
True
Is 3915536546 prime?
False
Is 280968840809 a composite number?
True
Is 3754117439 composite?
False
Is 15676180207 a prime number?
True
Is 316743914 composite?
True
Is 25971226091 prime?
True
Is 130738966573 composite?
False
Is 27535797257 composite?
False
Is 262280218191 prime?
False
Is 81331478417 a composite number?
True
Is 2418758813 composite?
True
Is 6492107267 a composite number?
True
Is 1435545443 a prime number?
False
Is 2120794607 composite?
True
Is 169162727 a prime number?
True
Is 177843437 composite?
False
Is 190536434659 composite?
True
Is 930437237 prime?
True
Is 341313611 prime?
False
Is 1509819119 prime?
True
Is 34198243 prime?
True
Is 338480291 a composite number?
False
Is 189553612011 a composite number?
True
Is 242879893 composite?
True
Is 261900887 composite?
False
Is 767346439 composite?
True
Is 2739835877 a prime number?
False
Is 3187208861 a composite number?
True
Is 1131264727 composite?
True
Is 2378848609 composite?
False
Is 2036979209 a composite number?
True
Is 82975639 a composite number?
True
Is 34881361 a prime number?
True
Is 74984381 composite?
True
Is 1927425821 a prime number?
True
Is 28414668943 a prime number?
True
Is 646450429 composite?
False
Is 6471444737 a composite number?
False
Is 942420239 composite?
True
Is 563383823 prime?
True
Is 8637056371 a composite number?
True
Is 220339825427 composite?
False
Is 28545372715 a composite number?
True
Is 11072333 a composite number?
False
Is 4542890269 a prime number?
False
Is 1794262999 a prime number?
False
Is 4809661141 a prime number?
False
Is 774404051 prime?
True
Is 101061464527 prime?
False
Is 4484013341 a composite number?
False
Is 3462565961 a prime number?
False
Is 2033482007 a composite number?
False
Is 9516809171 prime?
False
Is 6745851643 composite?
True
Is 414047033 a prime number?
True
Is 1052591097 a prime number?
False
Is 104420119 prime?
False
Is 2755263769 composite?
True
Is 38704391213 a prime number?
True
Is 544894423 composite?
True
Is 3558840287 a prime number?
True
Is 12288221 prime?
False
Is 821030681 composite?
False
Is 39217050983 a prime number?
False
Is 2911346029 prime?
False
Is 23750015095 composite?
True
Is 1155771263 a prime number?
False
Is 4012023049 a prime number?
False
Is 7864391177 a composite number?
False
Is 33789459523 a composite number?
False
Is 1658423549 a prime number?
False
Is 344893926643 composite?
True
Is 3284516399 composite?
True
Is 3778584571 a composite number?
True
Is 560726069 prime?
False
Is 154078237 composite?
True
Is 54133445309 prime?
False
Is 744612431 a composite number?
False
Is 3267037429 a composite number?
True
Is 2017932247 a prime number?
True
Is 4105497023 composite?
True
Is 560522359 composite?
False
Is 88156835269 a composite number?
False
Is 1665046261 prime?
False
Is 5332546117 composite?
True
Is 3782144779 prime?
False
Is 2370062473 composite?
False
Is 14873354411 a composite number?
True
Is 5895801449 composite?
False
Is 8700691999 composite?
False
Is 1685400323 prime?
True
Is 201343343 prime?
False
Is 412133881 composite?
True
Is 56149870529 composite?
False
Is 134712551 a composite number?
False
Is 787721729 a prime number?
False
Is 161764439 a prime number?
False
Is 25465